umber?
True
Is 925982429 composite?
True
Is 12050587 a composite number?
False
Is 234787711 a composite number?
False
Is 604585 a prime number?
False
Is 30827249 composite?
False
Is 20893817 a composite number?
True
Is 89491 prime?
True
Is 367670417 a prime number?
True
Is 5573849 composite?
False
Is 614267 a prime number?
True
Is 31859279 composite?
True
Is 137316199 prime?
False
Is 14135921 composite?
False
Is 3531647 prime?
False
Is 111547 prime?
False
Is 64599089 a composite number?
True
Is 42512891 prime?
True
Is 346039 composite?
False
Is 703433 composite?
True
Is 15198847 composite?
False
Is 281657503 a prime number?
True
Is 29891 a composite number?
True
Is 481663147 prime?
False
Is 10816121 a composite number?
True
Is 201066983 composite?
True
Is 4682903 a composite number?
False
Is 9595423 prime?
True
Is 24013091 a composite number?
False
Is 312956407 a composite number?
False
Is 46857373 prime?
False
Is 100048373 composite?
True
Is 509885 a composite number?
True
Is 3004493 a composite number?
False
Is 314265841 a prime number?
True
Is 1481 composite?
False
Is 7979441 prime?
True
Is 198249157 a prime number?
False
Is 29972389 a prime number?
True
Is 158847841 prime?
False
Is 44604167 a prime number?
True
Is 911503 a prime number?
True
Is 10745293 composite?
True
Is 579203 a prime number?
False
Is 18995246 prime?
False
Is 6477011 a prime number?
True
Is 1641797 a composite number?
False
Is 452671 a prime number?
True
Is 39441 composite?
True
Is 7034593 a composite number?
False
Is 26423819 prime?
True
Is 20819486 prime?
False
Is 12004877 composite?
True
Is 767951 a composite number?
False
Is 24170981 composite?
False
Is 6653 a prime number?
True
Is 193342397 a composite number?
False
Is 153191 a prime number?
True
Is 9282067 a prime number?
False
Is 154219 composite?
True
Is 275135533 a prime number?
True
Is 202505399 prime?
True
Is 425939 composite?
False
Is 54684443 prime?
False
Is 2343589 prime?
True
Is 5106301 a composite number?
True
Is 2269931 composite?
False
Is 32434049 a prime number?
True
Is 1971091 prime?
True
Is 163183789 composite?
False
Is 889841 prime?
False
Is 20023037 composite?
False
Is 58381931 a composite number?
False
Is 141012917 a prime number?
True
Is 758060701 a prime number?
False
Is 10468643 a prime number?
False
Is 2857297 a prime number?
True
Is 366491 a composite number?
True
Is 128541397 a composite number?
True
Is 346739 prime?
True
Is 22070239 prime?
False
Is 11294089 prime?
False
Is 92905093 a prime number?
True
Is 372641 prime?
False
Is 338359 a composite number?
True
Is 2449973 composite?
True
Is 28820617 a composite number?
True
Is 535915131 prime?
False
Is 80330281 prime?
False
Is 210136741 a composite number?
False
Is 142638997 composite?
False
Is 90672971 prime?
True
Is 131365561 a composite number?
False
Is 1180369 a composite number?
False
Is 1661749 a composite number?
True
Is 20757907 prime?
True
Is 313612973 prime?
True
Is 107499029 a prime number?
False
Is 55554593 a prime number?
True
Is 264241 a prime number?
False
Is 2597857 prime?
True
Is 118584181 composite?
False
Is 7904333 composite?
False
Is 224578469 a composite number?
False
Is 87791471 composite?
False
Is 56571641 prime?
False
Is 50466529 prime?
True
Is 74131 prime?
True
Is 19162238 a prime number?
False
Is 86897207 a prime number?
True
Is 39125129 prime?
False
Is 368273 a prime number?
True
Is 197386229 a prime number?
False
Is 3169703 a prime number?
False
Is 51481343 a composite number?
False
Is 408592697 prime?
True
Is 40523177 composite?
True
Is 165508393 composite?
True
Is 12490571 a prime number?
False
Is 20595349 a prime number?
True
Is 81777513 composite?
True
Is 2842937 composite?
False
Is 142079902 a composite number?
True
Is 7745701 a composite number?
False
Is 119882687 prime?
True
Is 44847787 composite?
False
Is 4179673 a composite number?
False
Is 54291163 prime?
True
Is 9696265 a prime number?
False
Is 11865289 composite?
False
Is 212609 a prime number?
False
Is 212171 a composite number?
True
Is 52754371 a prime number?
True
Is 23629343 a composite number?
False
Is 5169127 composite?
True
Is 20326559 a prime number?
False
Is 154354831 a composite number?
False
Is 60688547 a prime number?
False
Is 948167 a composite number?
True
Is 111232721 a prime number?
True
Is 136892411 a composite number?
True
Is 4779739 a composite number?
True
Is 2404151 prime?
True
Is 1567321 a prime number?
False
Is 5258441 composite?
True
Is 5850521 composite?
True
Is 681874807 composite?
False
Is 1390237 a prime number?
False
Is 70520987 prime?
True
Is 230858959 a composite number?
True
Is 1565867 prime?
True
Is 2253261 a prime number?
False
Is 219911 a composite number?
False
Is 37724369 composite?
False
Is 11976967 prime?
False
Is 11723273 composite?
True
Is 270952351 composite?
True
Is 11921633 composite?
False
Is 7167151 composite?
False
Is 5974249 prime?
True
Is 1262909 composite?
True
Is 8669159 prime?
True
Is 9798531 a composite number?
True
Is 21229865 prime?
False
Is 1678169 a prime number?
False
Is 5194829 a composite number?
True
Is 183037 prime?
True
Is 201803002 composite?
True
Is 17500589 a composite number?
False
Is 133030255 a composite number?
True
Is 12657283 composite?
False
Is 91588891 prime?
True
Is 148324929 a composite number?
True
Is 29835613 prime?
True
Is 1062599 prime?
True
Is 138093877 composite?
True
Is 5261638 a prime number?
False
Is 29260123 composite?
False
Is 39816557 composite?
True
Is 3031139 a composite number?
True
Is 22850411 prime?
True
Is 13223077 a composite number?
True
Is 56527333 composite?
False
Is 392479721 composite?
False
Is 9864119 prime?
True
Is 22529399 a prime number?
False
Is 183225821 composite?
True
Is 55187137 prime?
False
Is 909373 a prime number?
False
Is 6848351 a composite number?
False
Is 96810085 a composite number?
True
Is 801496079 a prime number?
True
Is 7579193 a prime number?
True
Is 227267 a prime number?
True
Is 2305883 composite?
False
Is 18722987 a prime number?
True
Is 2323829 a composite number?
True
Is 246649 composite?
True
Is 1172063 composite?
False
Is 112089 composite?
True
Is 51054481 a composite number?
False
Is 169941397 a prime number?
True
Is 2400793 a prime number?
True
Is 171802199 a prime number?
False
Is 21955589 a prime number?
True
Is 3580529 a composite number?
True
Is 4115863 a composite number?
False
Is 8069497 a composite number?
True
Is 3958527 a prime number?
False
Is 42065681 a composite number?
True
Is 478324349 composite?
False
Is 118794119 a prime number?
True
Is 35540839 a composite number?
False
Is 7155843 a composite number?
True
Is 56867249 a composite number?
False
Is 2890949 a prime number?
True
Is 7385557 composite?
False
Is 1367519 prime?
True
Is 986449 a composite number?
True
Is 4296661 prime?
False
Is 315411487 a prime number?
True
Is 2075599 prime?
True
Is 8852791 prime?
True
Is 8276483 composite?
True
Is 69419033 composite?
False
Is 8284363 composite?
False
Is 113244481 composite?
True
Is 2305937 a prime number?
False
Is 7398073 a composite number?
True
Is 70215449 a composite number?
False
Is 20085353 a composite number?
False
Is 28750873 prime?
True
Is 90589871 composite?
False
Is 20636227 a prime number?
True
Is 62468527 a prime number?
False
Is 11692873 a composite number?
False
Is 3343817 a composite number?
False
Is 517981 a composite number?
False
Is 5533027 composite?
True
Is 13319297 a composite number?
True
Is 2700179 a prime number?
True
Is 811908401 a prime number?
True
Is 7455389 a prime number?
False
Is 16863433 a composite number?
True
Is 10706429 prime?
True
Is 1707751 composite?
True
Is 44882449 a prime number?
True
Is 70197293 a composite number?
True
Is 1789291 a prime number?
False
Is 5177413 a prime number?
True
Is 4349927 a prime number?
True
Is 260032613 prime?
False
Is 8233091 a composite number?
False
Is 14965381 a prime number?
False
Is 8867542 a composite number?
True
Is 5668919 a prime number?
True
Is 108393973 prime?
True
Is 5677957 prime?
True
Is 451189 a prime number?
False
Is 4740639 composite?
True
Is 38078669 a composite number?
False
Is 100907 a prime number?
True
Is 2829041 a prime number?
False
Is 1866457 composite?
False
Is 18526663 composite?
False
Is 36134017 a prime number?
Tru